{"id":50,"date":"2020-12-08T12:57:47","date_gmt":"2020-12-08T11:57:47","guid":{"rendered":"https:\/\/www.rogalamusic.com\/?page_id=50"},"modified":"2026-01-16T19:36:43","modified_gmt":"2026-01-16T18:36:43","slug":"barbara-rogala","status":"publish","type":"page","link":"https:\/\/www.rogalamusic.com\/en\/barbara-rogala\/","title":{"rendered":"Barbara Rogala"},"content":{"rendered":"<div data-elementor-type=\"wp-page\" data-elementor-id=\"50\" class=\"elementor elementor-50\">\n\t\t\t\t\t\t<section class=\"elementor-section elementor-top-section elementor-element elementor-element-eebbf51 elementor-section-boxed elementor-section-height-default elementor-section-height-default\" data-id=\"eebbf51\" data-element_type=\"section\" data-no-translation=\"\">\n\t\t\t\t\t\t<div class=\"elementor-container elementor-column-gap-default\">\n\t\t\t\t\t<div class=\"elementor-column elementor-col-50 elementor-top-column elementor-element elementor-element-0d71a3b\" data-id=\"0d71a3b\" data-element_type=\"column\">\n\t\t\t<div class=\"elementor-widget-wrap elementor-element-populated\">\n\t\t\t\t\t\t<div class=\"elementor-element elementor-element-0d581de elementor-widget elementor-widget-image\" data-id=\"0d581de\" data-element_type=\"widget\" data-widget_type=\"image.default\">\n\t\t\t\t<div class=\"elementor-widget-container\">\n\t\t\t\t\t\t\t\t\t\t\t\t\t<img fetchpriority=\"high\" decoding=\"async\" width=\"683\" height=\"1024\" src=\"https:\/\/www.rogalamusic.com\/wp-content\/uploads\/2024\/11\/DSC01843-scaled.jpg\" class=\"attachment-large size-large wp-image-1084\" alt=\"\" srcset=\"https:\/\/www.rogalamusic.com\/wp-content\/uploads\/2024\/11\/DSC01843-scaled.jpg 1707w, https:\/\/www.rogalamusic.com\/wp-content\/uploads\/2024\/11\/DSC01843-200x300.jpg 200w\" sizes=\"(max-width: 683px) 100vw, 683px\" \/>\t\t\t\t\t\t\t\t\t\t\t\t\t<\/div>\n\t\t\t\t<\/div>\n\t\t\t\t\t<\/div>\n\t\t<\/div>\n\t\t\t\t<div class=\"elementor-column elementor-col-50 elementor-top-column elementor-element elementor-element-69b2a8e\" data-id=\"69b2a8e\" data-element_type=\"column\">\n\t\t\t<div class=\"elementor-widget-wrap elementor-element-populated\">\n\t\t\t\t\t\t<div class=\"elementor-element elementor-element-d535b35 elementor-widget elementor-widget-text-editor\" data-id=\"d535b35\" data-element_type=\"widget\" data-widget_type=\"text-editor.default\">\n\t\t\t\t<div class=\"elementor-widget-container\">\n\t\t\t\t\t\t\t<h2><strong>Barbara Rogala<\/strong><\/h2><p>A graduate of the Vocal and Acting Department at the Academy of Music in \u0141\u00f3d\u017a, in the singing class of prof. Urszula Kryger.<\/p><p>She collaborated with such bands as: London Gabrieli Consort Choir, Lodz Philharmonic Choir, Vivid Singers Vocal Ensemble, Wroc\u0142aw Philharmonic Choir and Orchestra. She participated in courses directed, among others by prof. Piotr \u0141ykowski, prof. Stefan Kamasa, Christian Euler, and Dr. Katarzyna Dondalska. She has performed in Germany, Belgium, France, Ireland, Ukraine, Italy and Poland.<\/p><p>She performed solo among others in such works as Stabat Mater &#8211;\u00a0 G.B. Pergolesi, Cantata 49\u00a0 &#8211; J.S. Bach (Bach\u2019s Marathon), Cantate 51 J. S. Bach (A\u017b Festiwal). Together with the band Kapela Polonica, she performed at many festivals in Poland, including &#8222;The Word and Music Festival at the Jesuits&#8221; in \u0141\u00f3d\u017a, the &#8222;Early Music Festival in \u017bnin&#8221;, &#8222;Colours of Poland&#8221; &#8211; by \u0141\u00f3d\u017a Philharmonic. In 2018 she released CD \u201eKapela Polonica- G.Ph. Telemann\u201d with church Cantatas. Since 2019, he has been cooperating with the vocal ensemble of the Polish Royal Opera<\/p><p>In addition, together with the pianist Dobrochna Jachowicz-Zakrzewska, she co-creates Rogala &amp; Jachowicz Duo, with whom she performs a program based on Polish vocal lyric. He collaborates and records with the Polish-Israeli project PGR&amp; Zilberman. In 2018 she took a part in a 5 concerts project as soloist with string quartet to celebrate 100 Anniversary of regain independece by Poland. The project was supported by Polish Culture Ministry. In year 2020 she released Album &#8222;Polish Psalter&#8221;<\/p>\t\t\t\t\t\t<\/div>\n\t\t\t\t<\/div>\n\t\t\t\t\t<\/div>\n\t\t<\/div>\n\t\t\t\t\t<\/div>\n\t\t<\/section>\n\t\t\t\t<section class=\"elementor-section elementor-top-section elementor-element elementor-element-f488859 elementor-section-boxed elementor-section-height-default elementor-section-height-default\" data-id=\"f488859\" data-element_type=\"section\">\n\t\t\t\t\t\t<div class=\"elementor-container elementor-column-gap-default\">\n\t\t\t\t\t<div class=\"elementor-column elementor-col-100 elementor-top-column elementor-element elementor-element-bf285fc\" data-id=\"bf285fc\" data-element_type=\"column\">\n\t\t\t<div class=\"elementor-widget-wrap elementor-element-populated\">\n\t\t\t\t\t\t<div class=\"elementor-element elementor-element-fc08416 elementor-widget elementor-widget-video\" data-id=\"fc08416\" data-element_type=\"widget\" data-settings=\"{&quot;youtube_url&quot;:&quot;https:\\\/\\\/www.youtube.com\\\/watch?v=TaMkKha23Mc&quot;,&quot;video_type&quot;:&quot;youtube&quot;,&quot;controls&quot;:&quot;yes&quot;}\" data-widget_type=\"video.default\">\n\t\t\t\t<div class=\"elementor-widget-container\">\n\t\t\t\t\t<div class=\"elementor-wrapper elementor-open-inline\">\n\t\t\t<div class=\"elementor-video\"><\/div>\t\t<\/div>\n\t\t\t\t<\/div>\n\t\t\t\t<\/div>\n\t\t\t\t\t<\/div>\n\t\t<\/div>\n\t\t\t\t\t<\/div>\n\t\t<\/section>\n\t\t\t\t<\/div>","protected":false},"excerpt":{"rendered":"<p>Barbara Rogala Absolwentka Wydzia\u0142u Wokalno-Aktorskiego Akademii Muzycznej im. Gra\u017cyny\u00a0i Kiejstuta Bacewicz\u00f3w w \u0141odzi, kszta\u0142ci\u0142a si\u0119 w klasie \u015bpiewu pod kierunkiem prof. Urszuli Kryger.\u00a0Wsp\u00f3\u0142pracowa\u0142a z takimi zespo\u0142ami jak: Londy\u0144ski\u00a0Gabrieli Consort Choir, Ch\u00f3r Filharmonii \u0141\u00f3dzkiej,\u00a0Zesp\u00f3\u0142 Wokalny Vivid Singers, Ch\u00f3r i Orkiestra\u00a0Filharmonii Wroc\u0142awskiej czy Zesp\u00f3\u0142 Wokalny\u00a0Polskiej Opery Kr\u00f3lewskiej. Uczestniczy\u0142a w kursach\u00a0prowadzonych m.in. przez prof. Piotra \u0141ykowskiego,\u00a0prof. Stefana Kamas\u0119,&hellip;&nbsp;<a href=\"https:\/\/www.rogalamusic.com\/en\/barbara-rogala\/\" class=\"\" rel=\"bookmark\">Read More &raquo;<span class=\"screen-reader-text\">Barbara Rogala<\/span><\/a><\/p>","protected":false},"author":1,"featured_media":0,"parent":0,"menu_order":0,"comment_status":"closed","ping_status":"closed","template":"page-templates\/template-pagebuilder-full-width.php","meta":{"neve_meta_sidebar":"full-width","neve_meta_container":"","neve_meta_enable_content_width":"on","neve_meta_content_width":100,"neve_meta_title_alignment":"","neve_meta_author_avatar":"","neve_post_elements_order":"","neve_meta_disable_header":"","neve_meta_disable_footer":"","neve_meta_disable_title":"","footnotes":""},"_links":{"self":[{"href":"https:\/\/www.rogalamusic.com\/en\/wp-json\/wp\/v2\/pages\/50"}],"collection":[{"href":"https:\/\/www.rogalamusic.com\/en\/wp-json\/wp\/v2\/pages"}],"about":[{"href":"https:\/\/www.rogalamusic.com\/en\/wp-json\/wp\/v2\/types\/page"}],"author":[{"embeddable":true,"href":"https:\/\/www.rogalamusic.com\/en\/wp-json\/wp\/v2\/users\/1"}],"replies":[{"embeddable":true,"href":"https:\/\/www.rogalamusic.com\/en\/wp-json\/wp\/v2\/comments?post=50"}],"version-history":[{"count":87,"href":"https:\/\/www.rogalamusic.com\/en\/wp-json\/wp\/v2\/pages\/50\/revisions"}],"predecessor-version":[{"id":1487,"href":"https:\/\/www.rogalamusic.com\/en\/wp-json\/wp\/v2\/pages\/50\/revisions\/1487"}],"wp:attachment":[{"href":"https:\/\/www.rogalamusic.com\/en\/wp-json\/wp\/v2\/media?parent=50"}],"curies":[{"name":"wp","href":"https:\/\/api.w.org\/{rel}","templated":true}]}}

<div data-elementor-type="wp-page" data-elementor-id="50" class="elementor elementor-50">
						<section class="elementor-section elementor-top-section elementor-element elementor-element-eebbf51 elementor-section-boxed elementor-section-height-default elementor-section-height-default" data-id="eebbf51" data-element_type="section" data-no-translation="">
						<div class="elementor-container elementor-column-gap-default">
					<div class="elementor-column elementor-col-50 elementor-top-column elementor-element elementor-element-0d71a3b" data-id="0d71a3b" data-element_type="column">
			<div class="elementor-widget-wrap elementor-element-populated">
						<div class="elementor-element elementor-element-0d581de elementor-widget elementor-widget-image" data-id="0d581de" data-element_type="widget" data-widget_type="image.default">
				<div class="elementor-widget-container">
													<img fetchpriority="high" decoding="async" width="683" height="1024" src="https://www.rogalamusic.com/wp-content/uploads/2024/11/DSC01843-scaled.jpg" class="attachment-large size-large wp-image-1084" alt="" srcset="https://www.rogalamusic.com/wp-content/uploads/2024/11/DSC01843-scaled.jpg 1707w, https://www.rogalamusic.com/wp-content/uploads/2024/11/DSC01843-200x300.jpg 200w" sizes="(max-width: 683px) 100vw, 683px" />													</div>
				</div>
					</div>
		</div>
				<div class="elementor-column elementor-col-50 elementor-top-column elementor-element elementor-element-69b2a8e" data-id="69b2a8e" data-element_type="column">
			<div class="elementor-widget-wrap elementor-element-populated">
						<div class="elementor-element elementor-element-d535b35 elementor-widget elementor-widget-text-editor" data-id="d535b35" data-element_type="widget" data-widget_type="text-editor.default">
				<div class="elementor-widget-container">
							<h2><strong>Barbara Rogala</strong></h2><p>A graduate of the Vocal and Acting Department at the Academy of Music in Łódź, in the singing class of prof. Urszula Kryger.</p><p>She collaborated with such bands as: London Gabrieli Consort Choir, Lodz Philharmonic Choir, Vivid Singers Vocal Ensemble, Wrocław Philharmonic Choir and Orchestra. She participated in courses directed, among others by prof. Piotr Łykowski, prof. Stefan Kamasa, Christian Euler, and Dr. Katarzyna Dondalska. She has performed in Germany, Belgium, France, Ireland, Ukraine, Italy and Poland.</p><p>She performed solo among others in such works as Stabat Mater &#8211;  G.B. Pergolesi, Cantata 49  &#8211; J.S. Bach (Bach’s Marathon), Cantate 51 J. S. Bach (AŻ Festiwal). Together with the band Kapela Polonica, she performed at many festivals in Poland, including &#8222;The Word and Music Festival at the Jesuits&#8221; in Łódź, the &#8222;Early Music Festival in Żnin&#8221;, &#8222;Colours of Poland&#8221; &#8211; by Łódź Philharmonic. In 2018 she released CD „Kapela Polonica- G.Ph. Telemann” with church Cantatas. Since 2019, he has been cooperating with the vocal ensemble of the Polish Royal Opera</p><p>In addition, together with the pianist Dobrochna Jachowicz-Zakrzewska, she co-creates Rogala &amp; Jachowicz Duo, with whom she performs a program based on Polish vocal lyric. He collaborates and records with the Polish-Israeli project PGR&amp; Zilberman. In 2018 she took a part in a 5 concerts project as soloist with string quartet to celebrate 100 Anniversary of regain independece by Poland. The project was supported by Polish Culture Ministry. In year 2020 she released Album &#8222;Polish Psalter&#8221;</p>						</div>
				</div>
					</div>
		</div>
					</div>
		</section>
				<section class="elementor-section elementor-top-section elementor-element elementor-element-f488859 elementor-section-boxed elementor-section-height-default elementor-section-height-default" data-id="f488859" data-element_type="section">
						<div class="elementor-container elementor-column-gap-default">
					<div class="elementor-column elementor-col-100 elementor-top-column elementor-element elementor-element-bf285fc" data-id="bf285fc" data-element_type="column">
			<div class="elementor-widget-wrap elementor-element-populated">
						<div class="elementor-element elementor-element-fc08416 elementor-widget elementor-widget-video" data-id="fc08416" data-element_type="widget" data-settings="{&quot;youtube_url&quot;:&quot;https:\/\/www.youtube.com\/watch?v=TaMkKha23Mc&quot;,&quot;video_type&quot;:&quot;youtube&quot;,&quot;controls&quot;:&quot;yes&quot;}" data-widget_type="video.default">
				<div class="elementor-widget-container">
					<div class="elementor-wrapper elementor-open-inline">
			<div class="elementor-video"></div>		</div>
				</div>
				</div>
					</div>
		</div>
					</div>
		</section>
				</div>

<p>Barbara Rogala Absolwentka Wydziału Wokalno-Aktorskiego Akademii Muzycznej im. Grażyny i Kiejstuta Bacewiczów w Łodzi, kształciła się w klasie śpiewu pod kierunkiem prof. Urszuli Kryger. Współpracowała z takimi zespołami jak: Londyński Gabrieli Consort Choir, Chór Filharmonii Łódzkiej, Zespół Wokalny Vivid Singers, Chór i Orkiestra Filharmonii Wrocławskiej czy Zespół Wokalny Polskiej Opery Królewskiej. Uczestniczyła w kursach prowadzonych m.in. przez prof. Piotra Łykowskiego, prof. Stefana Kamasę,&hellip;&nbsp;<a href="https://www.rogalamusic.com/en/barbara-rogala/" class="" rel="bookmark">Read More &raquo;<span class="screen-reader-text">Barbara Rogala</span></a></p>
